 + 263228 + 79274 = 0. List the prime factors of l.
97
Suppose 0 = 573*c - 569*c + 16. What are the prime factors of (c/2 + 15/1)*43?
13, 43
Suppose -90002 = -2*n - 3*h, -464*n + 469*n + h - 224966 = 0. What are the prime factors of n?
2, 19, 37
Suppose 3*w - 5*n = -43, 2*w + 2*w - n + 29 = 0. List the prime factors of (7 - 15)*(-3)/w - -528.
2, 131
Suppose -58*v + 49507 = -5*v - 685921. List the prime factors of v.
2, 3469
Suppose p + 12*x - 8*x - 3948 = 0, -4*p - 5*x = -15759. List the prime factors of p.
2, 3, 41
Let u be 2/12 - (-220)/120. Suppose -341 = -3*w + 2*w + 5*x, 662 = u*w - 5*x. What are the prime factors of w?
3, 107
What are the prime factors of (1 - 2)/(71/(-1236749))?
17419
Let s(b) = b**2 - 14 + b - 21*b**3 + 9*b**3 + 11*b**3 + 40. List the prime factors of s(0).
2, 13
Suppose 63 = -42*f + 49*f. List the prime factors of (f + 0)*(-92)/(-6).
2, 3, 23
Suppose -440 = -6*x + 2392. Suppose -242 - x = -3*o. List the prime factors of o.
2, 7, 17
Suppose 749 = -0*g + 7*g. Let y = -98 + g. Suppose 0 = -y*w + 270 + 1566. List the prime factors of w.
2, 3, 17
Let u(j) = 1800*j**3 - 2*j**2 - 3*j - 2. Let g be u(-1). Let h = g + 2535. List the prime factors of h.
2, 367
Suppose -5*w = -i - 23, 8*w = 9*w + 5*i - 15. Suppose 0 = 3*q + r - 292, -117 = -w*q - 3*r + 371. What are the prime factors of q?
97
Let g = 200 + -190. Suppose -7*w = -g*w, 5*x - 2870 = 4*w. What are the prime factors of x?
2, 7, 41
List the prime factors of (-10)/(-85) - (25214/(-119) + -5).
7, 31
What are the prime factors of (-1386)/108*-3*12976/28?
2, 11, 811
Suppose -3*z + 73505 - 26225 = 0. List the prime factors of z.
2, 5, 197
Let x(c) = c**3 - 30*c**2 - 63*c - 28. Let y = 34 - 2. Let f be x(y). Suppose 0 = f*v + 8*v - 2292. List the prime factors of v.
191
Let z be (2440/75)/(-4) - 8/(-60). Let s(r) = r**3 + 11*r**2 - 15*r + 19. What are the prime factors of s(z)?
331
Suppose -26*n - 22*n + 201360 = 0. List the prime factors of n.
5, 839
Suppose -24*i = -25*i + 134. Suppose -2*h - 26 = -c, 16 = -3*h + 5*c - 9. Let o = i - h. What are the prime factors of o?
149
Let g(h) = 3*h - 78. Let l be g(27). Suppose l*z = 3*q + 1089, 5*z + 2*q = 327 + 1495. List the prime factors of z.
2, 7, 13
Let x(u) = 15*u**2 - 26*u + 12. Suppose 2*c + 1 = -7, 4*c + 40 = 4*n. What are the prime factors of x(n)?
2, 3, 11
Let q = 415 - -677. Suppose 583*g - 589*g + q = 0. What are the prime factors of g?
2, 7, 13
Let q(b) = 2*b**2 - 19*b + 39. Let t be q(5). List the prime factors of 698/1*(4 + 21/t).
349
Let t(z) = z**2 - 21*z + 3. Let y be t(10). Let o = -95 - y. Suppose -o*w + 3*w = -981. What are the prime factors of w?
109
Suppose 4*u = -3*n - u + 5672, -9472 = -5*n + u. What are the prime factors of n?
2, 947
Let n = 81 - 76. List the prime factors of 123/2*130/15 + n.
2, 269
Let k be ((-16)/(-24))/((-4)/(-30)). Suppose 3*u = 2*n + k*u - 720, 5*u - 732 = -2*n. List the prime factors of n.
2, 89
Suppose 2*t - 4*t + 4750 = 4*w, -5*w + t + 5941 = 0. Let y = w - 777. List the prime factors of y.
3, 137
Let j(q) = 2*q**2 - 36*q + 1154. List the prime factors of j(37).
2, 5
Let n = 51437 - 8587. What are the prime factors of n?
2, 5, 857
Let w(g) = 4*g**2 - 28*g + 12. Let x(s) = -14*s + 15. Let j be x(-4). Let q = j + -59. List the prime factors of w(q).
2, 3, 7
Let m = -8988 - -16895. What are the prime factors of m?
7907
Let k(s) = -s**2 + 2*s - 1. Let t be k(4). Let n = 114 + t. List the prime factors of n.
3, 5, 7
Suppose 0 = 5*z - 0*l + 3*l - 1899, 0 = -z + 5*l + 363. Let r = z - 186. List the prime factors of r.
2, 3
Let j(u) = -2*u**2 - 14*u + 14. Let c be j(-5). Let i = c + -30. Suppose -170 = -2*a + 2*w, 0 = -i*w - 10 - 10. What are the prime factors of a?
2, 5
Suppose -50*w = -45*w + 20, 2*p - 24052 = 5*w. What are the prime factors of p?
2, 751
Let k be (-504)/(-273) - (-2)/13. List the prime factors of (16/6 - 3)/(k/(-834)).
139
Let k(g) = 1212*g**2 - 433*g + 2664. List the prime factors of k(6).
2, 3, 7283
Suppose 5*f - 115 = -5*u, -f + 44 = 4*u - 2*u. Suppose 9*q + u*q - 3840 = 0. List the prime factors of q.
2
Suppose -2*y - 1186 = -4*y + 5*d, 0 = 3*y - 2*d - 1801. Suppose y = j - 193. List the prime factors of j.
2, 199
Suppose 0 = -3*t - 3*m - 2399 + 54602, 17473 = t - 8*m. What are the prime factors of t?
3, 7, 829
Suppose 12*y = y + 44. List the prime factors of (-3)/6 + 1318/y.
7, 47
Let y(u) = -223*u - 987. List the prime factors of y(-48).
3, 41, 79
Let u(h) = -4694*h + 16893. List the prime factors of u(-5).
181, 223
Let n = -40 + 95. Let h be 2/4 + n/22. Suppose 0 = -h*t - 4*o + 308, -6*o = -3*t - 2*o + 292. What are the prime factors of t?
2, 5
Let b = -13013 + 44446. What are the prime factors of b?
17, 43
Let h(r) = 5*r**2 + 22*r + 38. Let m be h(-2). Let n(x) = 3*x**3 - 41*x**2 + 12*x + 39. What are the prime factors of n(m)?
13, 31
Suppose -3*z + 2*c = -7 - 3, 2*z - 5*c - 25 = 0. Suppose z*f = 4*x - 5*f - 972, 5*x = 5*f + 1210. What are the prime factors of x?
2, 7, 17
Let y = -117 + 120. Suppose -559 = -y*o - 2*b + 3*b, -b + 937 = 5*o. What are the prime factors of o?
11, 17
Suppose -w - 23 = -41. Let m = 21 - w. List the prime factors of m/3*(0 - -5).
5
Suppose z + 3*z - v = 16, -4*v = 5*z + 1. Suppose -2*o + y = -1175, -3*o + z*y = 4*y - 1750. List the prime factors of o.
3, 5, 13
Suppose -43 = -12*t + 5. Let m(z) = -z**3 + 5*z**2 - 3*z - 1. Let p be m(4). Suppose -p*l + 263 = -t. What are the prime factors of l?
89
Let z be 9 - (2 + -2 + -3). Suppose 0 = -16*n + z*n + 16. Let u = n - -101. What are the prime factors of u?
3, 5, 7
Suppose -3*r = 15937 - 22934 - 57167. List the prime factors of r.
2, 5347
Suppose -22*w = -18*w - 1284. Suppose r + 509 = 3*n, r + 2*r - w = -2*n. What are the prime factors of n?
2, 3, 7
Suppose 8*k - 41989 + 5815 = 78882. List the prime factors of k.
2, 3, 17, 47
Let m(k) = -k**3 - k**2 + 2*k + 1319. Let i be m(0). Let f = 2518 - i. What are the prime factors of f?
11, 109
Let s be (482*2/16)/((-1)/(-8)). Let i = s - 228. Suppose 5*b = -4*t + i, t - 2*b + 6*b - 58 = 0. What are the prime factors of t?
2, 3, 11
Suppose 3*s + 2*m + 46 = 0, 0*s + 4*s + 2*m = -64. Let k = s + 32. Suppose k*w - 15*w = -19. What are the prime factors of w?
19
Let m(i) = i**3 + 14*i**2 + i + 34. Let w be m(-14). Let v(l) = -l**3 + 20*l**2 + l - 20. Let u be v(w). Suppose u*d = d - 85. What are the prime factors of d?
5, 17
Suppose 2*q + 492 = -4*m, -126 = -0*m + m + 2*q. Let v = 80 + m. Let a = v - -112. List the prime factors of a.
2, 5, 7
Let w(j) be the second derivative of j**5/20 - 5*j**4/4 - 4*j**2 + 8*j. Let v be w(15). List the prime factors of (-666)/v - (-2)/(-8).
83
Let v(h) = -50*h - 141. Let x be ((-28)/(-42))/((-4)/48). List the prime factors of v(x).
7, 37
Let x(u) = 3*u + 59. Let d(j) = 6*j + 117. Let m(p) = -3*d(p) + 7*x(p). Let y be m(-20). Let k(b) = 49*b**2 - 7*b + 6. List the prime factors of k(y).
2, 47
Suppose -t + 366 + 240 = 0. Let u = t - -97. What are the prime factors of u?
19, 37
Let f(g) = 13*g - 63. Let r be 3/12 + (-15)/(-4). Suppose -106 = -r*a - 26. List the prime factors of f(a).
197
Suppose 3*n = -4*w + 6561, -5*w = -3*n - 4664 - 3517. Suppose -4*j + w = 2*o, 4*o - 29 = -33. What are the prime factors of j?
2, 5, 41
Let g(f) = 70*f + 150. Let z(p) = 69*p + 149. Let d(b) = -2*g(b) + 3*z(b). What are the prime factors of d(5)?
2, 241
Let r = 8414 - 5353. What are the prime factors of r?
3061
Suppose 0 = -7*a + 290 - 45. Let s = a - 33. Suppose -s*y = -261 - 43. List the prime factors of y.
2, 19
Let c be 0/(-1)*(8 - 85/10). Suppose -5 = -u, 0*p - 4*p + 3*u + 249 = c. List the prime factors of p.
2, 3, 11
List the prime factors of (60/30)/(6/(-2) - (-254181)/84726).
2, 3, 523
List the prime factors of 1 + -1 - ((-510)/340)/((-6)/(-64924)).
16231
Suppose l - 24932 = -2*w, 0 = -w - w + 4*l + 24932. What are the prime factors of w?
2, 23, 271
List the prime factors of ((-6254)/6)/(133/108 + 35/(-28)).
2, 3, 53, 59
Suppose 0 = -2*b + 195 + 569. Suppose -4*c - 7*r + 756 = -5*r, 2*c - b = -2*r. List the prime factors of c.
11, 17
Let a(j) be the second derivative of -j**5/20 + 7*j**4/6 - 3*j**3/2 - 15*j**2/2 + 12*j. What are the prime factors of a(11)?
3, 83
Let m be ((-18)/(-3))/((-2)/(-3)). What are the prime factor